 -g + 46 + 41 = 0. Is g a prime number?
False
Suppose 0 = 4*p - 2*f + 7*f - 16, 0 = -5*f. Suppose 0 = -0*q - 2*q - p. Is 81 + (-2*2 - q) a composite number?
False
Suppose -15*v + 19310 + 19825 = 0. Is v composite?
False
Let s be ((-4)/(-3))/(6/9). Let c(h) = -8*h - s*h - h + 2. Is c(-7) prime?
True
Suppose 3*x + x = 0. Let c(g) = -g**2 + 69. Is c(x) a prime number?
False
Suppose 0 = -3*c + 1 - 7. Let d be c + (-120)/(2 - 5). Is ((-2)/4 - -1)*d a prime number?
True
Let r = 0 - 0. Suppose r = q - 77. Is q a prime number?
False
Suppose 2*g - g = 2*i + 373, 1119 = 3*g + 3*i. Is g prime?
True
Let c(d) = d**2 + d - 3359. Let j be c(0). Is (-12)/54 + j/(-9) a prime number?
True
Suppose 5*v - 316 = v. Suppose -w - 2*j = -j - 25, 4*j = 4*w - 124. Let r = v - w. Is r composite?
True
Suppose q + h - 597 = 0, -4*h = -2*q + h + 1194. Is q composite?
True
Let d be -4*(2 - (-9)/(-6)). Is 78/9*(-21)/d prime?
False
Let i = 6 + 2. Suppose 0*s + s = 2*w + i, 4*w = -2*s. Suppose -s*z + 2*a + 462 = 0, 4*z - 2*a - 455 = -7*a. Is z a composite number?
True
Let d(x) = 184*x**2 - 2*x - 1. Suppose 3*k - 28 = -4*t - 7, -k + 4*t - 9 = 0. Let h = k - 4. Is d(h) a composite number?
True
Suppose -1884 = -10*f + 6*f. Suppose 79 + 59 = j. Suppose -f = -3*c + j. Is c composite?
True
Let c be (1 + 1)/((-4)/4). Let s(m) = -m - 1. Let d(w) = 2*w**2 + 5*w - 7. Let k(v) = c*s(v) + d(v). Is k(-6) a prime number?
False
Suppose i + 148 = 5*i. Let k = 58 - i. Is k composite?
True
Suppose 2*l + 20 = 4*r, -5 + 0 = l - r. Suppose l*o = -o + 33. Is o a composite number?
True
Suppose -2*d + t + 419 = -300, 0 = -3*d - 2*t + 1089. Is d a composite number?
True
Suppose d = 3*p + 608, 0 = -2*d + 3*d + 4*p - 643. Is d composite?
True
Suppose -7 = 3*f - 28. Is f a prime number?
True
Let f = -816 + 1151. Is f a prime number?
False
Let n(a) = -a**2 + 5*a + 6. Let k be n(6). Suppose k = x - 6*x + 3*t + 16, -3*x + 4 = t. Suppose -6*b = -x*b - 76. Is b a prime number?
True
Let i = 295 + -142. Suppose 154 = 2*w + z, 4*w = z + 155 + i. Is w a prime number?
False
Suppose 0*q - 4 = -q + y, -2 = q + y. Let m(h) = 19*h**2 + h - 1. Is m(q) a composite number?
False
Let z be (-354)/9 - 6/9. Let o = z + 333. Is o a prime number?
True
Suppose 0 = -2*x + 583 + 559. Is x a prime number?
True
Let a(r) = -r**2 + 7*r - 5. Let m be a(6). Suppose 5*d = 229 + 136. Is m/(2 + d/(-37)) prime?
True
Let c(i) = -i**2 + 2*i + 2. Let u be c(3). Is (1 - u)*(-254)/(-4) a composite number?
False
Let m(n) = n**2 + 2*n. Let d be m(-5). Let h = d - 1. Is h a prime number?
False
Let p(a) = -9*a + 6. Suppose -5*b - 78 - 27 = 0. Let t(v) = -v + 1. Let y(k) = b*t(k) + 3*p(k). Is y(-6) a prime number?
False
Let h = 23 - 12. Let t be 4/8*(h - 1). Suppose -2*a - 153 = -t*a. Is a composite?
True
Suppose 0*r - 2*r - 6 = 0. Let t(w) = 8*w**2 - w + 2. Is t(r) composite?
True
Suppose -5*d + 574 = -d + 2*x, 5*d + 3*x - 720 = 0. Is d a composite number?
True
Let s = 13 - -24. Is s prime?
True
Let b(g) = g**3 - 5*g**2 - 5*g - 6. Let r be b(6). Let v(f) = -2*f**2 - f - 24. Let y(c) = c**2 + c + 1. Let x(q) = -v(q) - y(q). Is x(r) composite?
False
Let p(q) = -q**3 - 6*q**2 + q + 8. Let y be p(-6). Suppose 354 = y*w - w. Is -3*1*w/(-18) a composite number?
False
Let v(d) = 2*d - 1. Let o(q) = -q**2 + 7*q + 10. Let f be o(8). Is v(f) a prime number?
True
Let i be 44/2 - (0 - 3). Suppose 3*l - 8*l + 170 = -5*p, -4*p = -l + i. Is l prime?
True
Is 1/((-1)/(-4)*60/29595) a prime number?
True
Let n be (-184)/(-40) + (-6)/10. Suppose -5*t = -t - 8. Suppose 43 = u - 4*r, r - 232 = -n*u + t*r. Is u prime?
True
Let d be 12/6 + 161 + 2. Suppose -d = -3*i + 3*g, -4*g + 66 = i - 9. Is i a prime number?
True
Let q(j) = j**3 + 7*j**2 - 9*j + 5. Let w be 4/(-5)*10/1. Let h = -16 - w. Is q(h) a composite number?
False
Let y be ((-6)/3)/(2/(-3)). Suppose 4*o = y*q - 0*o - 217, -4*q + 5*o = -289. Is q composite?
False
Suppose -3*g - w - 7322 = -5*g, -5*g = -w - 18299. Is g composite?
False
Let o = 3 + -7. Is (1 - 34/o)*2 composite?
False
Suppose -4 = -2*q + 2*g - 0*g, -2*q = 2*g - 8. Is (83/(-1))/((-3)/q) prime?
True
Suppose 2*i = 5*i - 6. Suppose -3*s = 5*l + 12, 0 = -i*l - l - 5*s - 4. Let k(m) = 11*m**2 + 2*m + 2. Is k(l) composite?
True
Let r(k) = 7*k**3 + k**2 - k. Let s = 2 + 2. Suppose 0 = s*t - 5*c - 14, -3*c - 2 - 1 = 3*t. Is r(t) prime?
True
Let h be (-40)/(-12)*(-6)/(-4). Suppose 2*o + 79 = n, -5*n + 0*n + h*o + 420 = 0. Is n prime?
True
Let a(x) be the second derivative of x**5/10 - 2*x**4/3 + 7*x**3/6 - 7*x**2/2 + 2*x. Is a(6) a composite number?
False
Suppose 0 = 2*g - 5*g - 15. Let w = -9 - g. Is (28/w)/(2/(-22)) composite?
True
Let p(u) = -u - 3 - 2*u + 4*u. Let f be p(7). Suppose f*r - 17 - 19 = 0. Is r composite?
True
Suppose 3*y - 2*n = 111, 3*n - 231 + 27 = -5*y. Is y a prime number?
False
Suppose 5*r - 1 = 4*c + 1, 2*r = 3*c - 2. Let x be (r + 15/(-9))*3. Is x*56 + (-5 - -4) prime?
False
Let x(d) = d**3 + 3*d**2 - 2*d. Let o be x(-3). Suppose 310 = -o*u + 11*u. Is u composite?
True
Is (-1)/2*-1*2798 a prime number?
True
Let p = -438 + 709. Suppose -5*m + p = -2*k, 2*k - 26 - 33 = -m. Is m a prime number?
False
Let u = -148 + 242. Let s = u - 41. Is s a prime number?
True
Suppose 0 = 2*c, 0 = -3*f + c + c + 12. Suppose -k + f + 30 = 0. Is k a prime number?
False
Let o(r) = -4 - 10*r - 3*r + 0 + 1. Is o(-2) a composite number?
False
Let s(q) = 27*q**3 + q**2 - q + 6. Let i(c) = -41*c**3 - c**2 + 2*c - 9. Let d(h) = -5*i(h) - 8*s(h). Is d(-2) prime?
False
Let l(o) = -3 - 2*o**2 - 2*o**3 - 6 + 3 - 3 - 8*o. Is l(-7) prime?
False
Let d = 3 + -7. Let v be 4 - 1*d/(-2). Is 54 + (-3)/(v - -1) a composite number?
False
Is -2234*(1 - 3/2) a composite number?
False
Let s = 16 - 27. Let q(f) = -14*f - 6. Let g be q(s). Suppose 3*v - g = -v. Is v a composite number?
False
Let j(m) = -7*m - 5. Let b = 3 - 1. Suppose -b + 1 = t - 3*i, -2*t = 5*i + 35. Is j(t) a prime number?
False
Let b(d) be the second derivative of -25*d**3/6 - d**2/2 + d. Is b(-8) composite?
False
Suppose 0*l - 4*l + 364 = 0. Let z = l - 2. Is z a prime number?
True
Suppose 3*k = 4*x - 505, -k + 82 = x - 46. Is x a composite number?
False
Suppose -o + 5*s = -30, 4*s - 5 = -2*o - 3*o. Let x be (o - 2 - 2) + 27. Suppose t = -t + x. Is t prime?
False
Let y(j) = -142*j - 13. Is y(-3) a composite number?
True
Suppose 5*r + 3*u - 898 = 0, 3*r - 353 = r + 5*u. Is r prime?
True
Let c = 0 - 1. Let n(d) = -6*d**3 - 2*d - 1. Is n(c) a prime number?
True
Suppose 2*x + 322 = 3*x. Suppose c = -9*u + 4*u + 342, -u = c - x. Is c a composite number?
False
Suppose 0 = 9*d - 4*d. Suppose d = 3*n - 13 - 8. Is n a prime number?
True
Let n(l) = -l**3 + 8*l**2 - 8*l + 8. Let d be n(7). Is d/(1 + 36/(-37)) a composite number?
False
Suppose o - 28 = -4*q, -3*q - 2*q = -o - 44. Suppose -3*w - 76 = q. Is (-540)/w + (-2)/7 composite?
False
Suppose 6*b + 12 = 2*b. Let j = b + 29. Is j a prime number?
False
Is (1/(-1))/((-4)/148) a prime number?
True
Suppose 0 = -2*i + 2*f + 18, -5*i + 25 = f - 8. Let a = i + 28. Is a a composite number?
True
Let r be (-1 - -84)*(-1 - -2). Suppose 0 = s - r - 43. Is s - ((0 - -1) + -2) a composite number?
False
Let r = 526 + -89. Is r a prime number?
False
Suppose 2*q - 5*q + 78 = 0. Is q a prime number?
False
Suppose 4*t + 5*g - 1621 - 311 = 0, -3*g + 12 = 0. Is t composite?
True
Let s(l) = -58*l - 2. Let c be s(-4). Let b be 139*1 - (1 + -3). Let h = c - b. Is h prime?
True
Let a be (0 - 127)*(-9 + 8). Is a*((-6)/(-2) + -2) composite?
False
Suppose 5*w - 390 = 120. Suppose -j = 2*j - 2*u - 151, u = 2*j - w. Suppose -344 + j = -3*n. Is n a composite number?
False
Suppose 53 + 71 = 2*k. Let m = 113 - k. Is m composite?
True
Let w = 14 + 43. Is w composite?
True
Let t(n) = -n. Suppose 2*m - 5*m = 9. Is t(m) a composite number?
False
Let q(p) = 4*p**2 + 3. Is q(-5) a composite number?
False
Suppose 1941 = 8*n - 5*n. Is n composite?
False
Suppose -10 = -s + 4*u, -u = 5*s - 2*u + 7. Let d(r) = -r**3 + 2*r - 5 + 2 - 6*r. Is d(s) composite?
False
Is 322 - 2*(-1)/2 prime?
False
Let o(i) = i**2 + 4*i - 8. Let t be o(-6). Suppose f + 10 = t*p + 2*f, p = f + 5. Is -1 + 0 + (14 - p) a prime number?
False
Let b(s) = 120*s + 8. Let g be b(4). Suppose 2*q - 123 = -o + q, -4*o - 5*q + g = 0. Is o a p